s of 527261131?
23, 22924397
List the prime factors of 243061773.
3, 179, 452629
List the prime factors of 26372657.
26372657
List the prime factors of 95754514.
2, 107, 447451
List the prime factors of 99490469.
13, 571, 1031
List the prime factors of 234306857.
1181, 198397
What are the prime factors of 196125754?
2, 11, 810437
What are the prime factors of 91554073?
13, 29, 47, 5167
List the prime factors of 2625524354.
2, 31, 42347167
What are the prime factors of 14532905?
5, 2906581
What are the prime factors of 201018098?
2, 17, 479, 12343
List the prime factors of 7510333.
29, 258977
List the prime factors of 2094680803.
2094680803
List the prime factors of 899046198.
2, 3, 49947011
List the prime factors of 40115511.
3, 37, 179, 673
What are the prime factors of 290860295?
5, 11, 5288369
What are the prime factors of 66372133?
163, 407191
List the prime factors of 5331710695.
5, 53, 1361, 14783
What are the prime factors of 568314458?
2, 284157229
What are the prime factors of 93139478?
2, 46569739
List the prime factors of 35787717.
3, 7, 189353
What are the prime factors of 396906750?
2, 3, 5, 127, 463
List the prime factors of 244084522.
2, 11, 11094751
What are the prime factors of 746360225?
5, 13, 523, 4391
List the prime factors of 602392130.
2, 5, 223, 270131
What are the prime factors of 757749649?
89, 8514041
List the prime factors of 24604321.
7, 17, 29537
List the prime factors of 64500197.
449, 143653
List the prime factors of 594117424.
2, 2179, 17041
List the prime factors of 463281858.
2, 3, 13, 17, 116461
List the prime factors of 48412518.
2, 3, 7, 11, 104789
List the prime factors of 650375288.
2, 31, 269, 9749
What are the prime factors of 3391314320?
2, 5, 42391429
What are the prime factors of 36240762?
2, 3, 523, 11549
List the prime factors of 83243035.
5, 89, 283, 661
List the prime factors of 644615256.
2, 3, 53, 506773
What are the prime factors of 254246092?
2, 37, 1033, 1663
List the prime factors of 2017352850.
2, 3, 5, 37, 103, 3529
List the prime factors of 41549343.
3, 11, 17, 6733
What are the prime factors of 42008029?
7, 6001147
List the prime factors of 4886945339.
4886945339
What are the prime factors of 857225563?
857225563
List the prime factors of 247047216.
2, 3, 13, 395909
List the prime factors of 6045198218.
2, 3761, 803669
What are the prime factors of 165436944?
2, 3, 59, 58417
What are the prime factors of 341598142?
2, 41, 107, 38933
List the prime factors of 52951187.
29, 47, 53, 733
List the prime factors of 665306247.
3, 221768749
What are the prime factors of 8226763?
1439, 5717
What are the prime factors of 844337492?
2, 211084373
List the prime factors of 6997002.
2, 3, 89, 13103
List the prime factors of 54149349.
3, 18049783
List the prime factors of 577334485.
5, 7, 13, 1268867
What are the prime factors of 40491452?
2, 10122863
What are the prime factors of 288671534?
2, 101, 1429067
List the prime factors of 2247593580.
2, 3, 5, 23, 47, 11551
What are the prime factors of 11243047?
11243047
What are the prime factors of 2662408653?
3, 887469551
List the prime factors of 53999361.
3, 13, 17, 1597
What are the prime factors of 5842855986?
2, 3, 11, 547, 14713
List the prime factors of 323182432.
2, 10099451
List the prime factors of 436173804.
2, 3, 11, 19, 29, 1999
List the prime factors of 1316309485.
5, 263261897
What are the prime factors of 25994442?
2, 3, 4332407
What are the prime factors of 4263205270?
2, 5, 769, 554383
List the prime factors of 3099475170.
2, 3, 5, 11, 23, 31, 4391
What are the prime factors of 116513336?
2, 14564167
List the prime factors of 2325813467.
83, 317, 88397
What are the prime factors of 325458251?
17, 613, 31231
What are the prime factors of 112375777?
112375777
What are the prime factors of 178758868?
2, 227, 196871
What are the prime factors of 2697526909?
7, 11, 35032817
What are the prime factors of 664169260?
2, 5, 17, 1319, 1481
List the prime factors of 7418021.
13, 31, 79, 233
What are the prime factors of 126558965?
5, 13, 17, 53, 2161
List the prime factors of 259524567.
3, 17, 29, 67, 97
List the prime factors of 569974332.
2, 3, 4153, 11437
What are the prime factors of 3955824694?
2, 23, 85996189
What are the prime factors of 666312481?
31, 21493951
What are the prime factors of 341248561?
341248561
What are the prime factors of 6856423081?
83, 3229, 25583
List the prime factors of 4333430575.
5, 23, 7536401
List the prime factors of 71239201.
11, 1231, 5261
List the prime factors of 136372832.
2, 4261651
What are the prime factors of 55934198?
2, 83, 223, 1511
What are the prime factors of 194213921?
11, 17655811
List the prime factors of 10003764.
2, 3, 37, 22531
What are the prime factors of 1789777471?
797, 2245643
What are the prime factors of 591219713?
7, 19, 41, 108421
List the prime factors of 69804981.
3, 107, 173, 419
What are the prime factors of 22715094?
2, 3, 17, 43, 5179
List the prime factors of 156832566.
2, 3, 11, 37, 64223
What are the prime factors of 2313801181?
2313801181
What are the prime factors of 1438960031?
1438960031
List the prime factors of 424091877.
3, 11, 17, 239, 3163
List the prime factors of 296294336.
2, 13, 356123
What are the prime factors of 1627172024?
2, 203396503
List the prime factors of 1158049.
397, 2917
What are the prime factors of 149374787?
61, 151, 16217
List the prime factors of 56405091.
3, 19, 53, 18671
What are the prime factors of 39857437?
283, 140839
List the prime factors of 208169072.
2, 109, 119363
What are the prime factors of 131281699?
61, 2152159
List the prime factors of 5337471674.
2, 17, 156984461
What are the prime factors of 41314663?
13, 3178051
What are the prime factors of 30277158?
2, 3, 1399, 3607
What are the prime factors of 63642436?
2, 11, 13, 111263
List the prime factors of 33727482.
2, 3, 47, 97, 137
List the prime factors of 219954349.
61, 3605809
What are the prime factors of 513315793?
61, 331, 25423
List the prime factors of 17695194.
2, 3, 11, 19, 103, 137
List the prime factors of 39848727.
3, 13282909
What are the prime factors of 147657954?
2, 3, 17, 1447627
List the prime factors of 111221132.
2, 11, 2527753
List the prime factors of 396208405.
5, 1277, 62053
What are the prime factors of 385404487?
13, 127, 233437
List the prime factors of 1084423900.
2, 5, 7, 221311
List the prime factors of 328100457.
3, 1061, 103079
List the prime factors of 33273196.
2, 11, 677, 1117
List the prime factors of 1414775971.
7, 41, 704219
List the prime factors of 25302330.
2, 3, 5, 41, 6857
What are the prime factors of 6658633400?
2, 5, 23, 1447529
What are the prime factors of 6801399859?
6801399859
What are the prime factors of 952104403?
463, 2056381
List the prime factors of 26443703.
11, 13, 16811
What are the prime factors of 100882216?
2, 17, 741781
What are the prime factors of 5498695905?
3, 5, 23, 251, 63499
List the prime factors of 170045177.
43, 151, 26189
List the prime factors of 4051126110.
2, 3, 5, 135037537
What are the prime factors of 193754562?
2, 3, 101, 319727
What are the prime factors of 2565441432?
2, 3, 1399, 25469
List the prime factors of 16509365.
5, 127, 25999
What are the prime factors of 4298135827?
67, 83, 772907
What are the prime factors of 390063530?
2, 5, 773, 50461
List the prime factors of 154564043.
251, 615793
What are the prime factors of 114523885?
5, 7, 1427, 2293
What are the prime factors of 163935914?
2, 19, 61, 197, 359
What are the prime factors of 427203903?
3, 7, 53, 54833
What are the prime factors of 208296625?
5, 23, 53, 1367
What are the prime factors of 1923872637?
3, 6353, 100943
List the prime factors of 213380205.
3, 5, 71, 200357
List the prime factors of 792767639.
792767639
What are the prime factors of 644148107?
137, 4701811
What are the prime factors of 36134781?
3, 73, 164999
What are the prime factors of 561771591?
3, 157, 1192721
List the prime factors of 407868820.
2, 5, 19, 41, 47, 557
List the prime factors of 267638350.
2, 5, 7, 23, 33247
What are the prime factors of 76047075?
3, 5, 13, 25999
What are the prime factors of 39029211?
3, 13, 19, 97, 181
List the prime factors of 904181308.
2, 71, 3183737
List the prime factors of 1441541348.
2, 13, 27721949
What are the prime